-83fd8e
In base 3, what is -110010221 + 112122011?
2111020
In base 2, what is 1011011100110 - 1010001?
1011010010101
In base 11, what is -67618 - -290?
-67338
In base 11, what is 31932a6 + 10?
3193306
In base 8, what is -1 + 2203766?
2203765
In base 16, what is 80 + be26?
bea6
In base 6, what is -150 + -500002?
-500152
In base 8, what is -2003011 + 6?
-2003003
In base 3, what is 100 + -102010012120120?
-102010012120020
In base 16, what is -1a + b5f?
b45
In base 9, what is -10028183 - 55?
-10028248
In base 9, what is 116442702 + 3?
116442705
In base 16, what is 13a46 + -294?
137b2
In base 11, what is -196370 - 261?
-196621
In base 15, what is -567 - 17560?
-17ac7
In base 3, what is -22000021 - 11100201?
-110100222
In base 6, what is -13552512 - 323?
-13553235
In base 7, what is 150216266 + -4?
150216262
In base 6, what is -2244344405 + -2?
-2244344411
In base 12, what is 2677a36 + 6b?
2677aa5
In base 3, what is 1010 + -112221101?
-112220021
In base 9, what is 42 + 76320387?
76320440
In base 16, what is 24928d - 3?
24928a
In base 3, what is 202 - 221001202222010?
-221001202221101
In base 5, what is 2 - -24232334444?
24232340001
In base 2, what is 1001010 + 1010110101011011?
1010110110100101
In base 4, what is 10 + 22012012103200?
22012012103210
In base 10, what is -22837 + 39279?
16442
In base 11, what is 27 + 327041?
327068
In base 14, what is 1b + 1d817?
1d834
In base 4, what is 1300 - -21011320221?
21011322121
In base 5, what is 1000224211 + 1?
1000224212
In base 9, what is 2240 - -1845?
4185
In base 6, what is -22122301 + 11?
-22122250
In base 11, what is -7a6 - -31056?
30360
In base 5, what is -144043420212 + -10?
-144043420222
In base 11, what is aaa46 + 26?
aaa71
In base 6, what is 103333230050 + 4?
103333230054
In base 5, what is 0 + 10322011041?
10322011041
In base 6, what is 4 + -245230122?
-245230114
In base 9, what is 203 + 538856?
540160
In base 12, what is -41b2 + 183?
-402b
In base 4, what is -10 - -2131010301302?
2131010301232
In base 6, what is 3123 - 335144?
-332021
In base 7, what is 60 + 12305442?
12305532
In base 6, what is 1024 + -12404204?
-12403140
In base 11, what is -26 - -11041a94?
11041a69
In base 13, what is c6 - 52b16b?
-52b075
In base 13, what is 2bc1a66 - 1?
2bc1a65
In base 3, what is -12 + 20120020011021?
20120020011002
In base 11, what is 693aa01 - 0?
693aa01
In base 12, what is 62b95382 + -2?
62b95380
In base 5, what is 200014314 - 10?
200014304
In base 11, what is -8 - 2032144?
-2032151
In base 11, what is 728 + 2548?
3175
In base 6, what is -32440 + 24231?
-4205
In base 12, what is -a6748 + -16?
-a6762
In base 14, what is -13 - 161a6c?
-161a81
In base 16, what is -359e0f + -21?
-359e30
In base 13, what is -5b627504 - 1?
-5b627505
In base 12, what is -b33 + -a23?
-1956
In base 12, what is 38457 + -18?
3843b
In base 11, what is -6aa - 2768?
-3367
In base 15, what is -2 + 15011a2?
15011a0
In base 16, what is 4ae02c - 8?
4ae024
In base 13, what is -1b4763 - 36?
-1b4799
In base 7, what is 43 - -130060422?
130060465
In base 5, what is 143431 - -3024010?
3222441
In base 4, what is -3211230331310 - -2?
-3211230331302
In base 8, what is 147753 - 75?
147656
In base 2, what is -1100001100101001 + 11011111101?
-1011110000101100
In base 12, what is -2982 + 5169?
23a7
In base 14, what is -64 - -47801?
4777b
In base 3, what is -11 - 1112120210101112?
-1112120210101200
In base 8, what is -35224 - 3021?
-40245
In base 14, what is 34aba05 - -1?
34aba06
In base 14, what is a50 + 1dd?
c4d
In base 12, what is 4a4b + -8233?
-33a4
In base 10, what is 49158 - 60?
49098
In base 3, what is 121212002010 + -102?
121212001201
In base 15, what is -5 + 8caa9b?
8caa96
In base 10, what is -1 + -23849505?
-23849506
In base 8, what is 647351 + 1?
647352
In base 11, what is 2a04669aa - 3?
2a04669a7
In base 16, what is 3397c + 9?
33985
In base 15, what is 350 + 3129d?
315ed
In base 16, what is -5 - -af8f9d?
af8f98
In base 3, what is -202222120202002 - 20012?
-202222120222021
In base 5, what is 1033 + -2343424?
-2342341
In base 11, what is 1089782 - -29?
1089800
In base 5, what is -330120211 + -144?
-330120410
In base 13, what is 0 + 61b754?
61b754
In base 6, what is 1432534 - 0?
1432534
In base 15, what is -6 + a17c15?
a17c0e
In base 12, what is 3 + -3486043?
-3486040
In base 15, what is -d - 420bb?
-420c9
In base 12, what is 5 + 1a85b228?
1a85b231
In base 11, what is 28 + 830a6?
83123
In base 4, what is 1001233112000 + 1?
1001233112001
In base 15, what is d4c0c - 52?
d4baa
In base 5, what is 100314412 - -1240?
100321202
In base 4, what is -30 + -200313033322?
-200313100012
In base 5, what is -3 + 1004201322?
1004201314
In base 9, what is 35 + 4681043?
4681078
In base 4, what is 1 - 122203033101?
-122203033100
In base 7, what is 2 + -2613456126?
-2613456124
In base 7, what is 1005421422 + 2?
1005421424
In base 12, what is -35765aa + -4?
-35765b2
In base 14, what is 1522065 - -4?
1522069
In base 10, what is 316 - -321954?
322270
In base 16, what is 65f5 - -105?
66fa
In base 14, what is -106 + 447cd?
446c7
In base 10, what is 16 + -130810?
-130794
In base 12, what is -34454 + -12?
-34466
In base 14, what is -19abd2 - -12?
-19abc0
In base 14, what is -8b36 + da?
-8a3a
In base 13, what is 1793a17 + -6?
1793a11
In base 13, what is -1807078 - 5?
-1807080
In base 4, what is -323323031210 - 32?
-323323031302
In base 8, what is -4062 + 43230?
37146
In base 8, what is 27066 - 5530?
21336
In base 14, what is -207 - -2121?
1d18
In base 12, what is 70a8125 - -5?
70a812a
In base 9, what is -1468 + 82173?
80604
In base 11, what is a - -43782845?
43782854
In base 6, what is 210020331244 + 2?
210020331250
In base 5, what is -10001 + 2032421?
2022420
In base 2, what is 1010001101010010110 - 11110?
1010001101001111000
In base 11, what is 2 + 98288?
9828a
In base 16, what is 3a0855 - -73?
3a08c8
In base 10, what is -426961611 + 5?
-426961606
In base 2, what is -1010011011001100111101111 - -100?
-1010011011001100111101011
In base 2, what is 1111 + -111111111001101110?
-111111111001011111
In base 2, what is -1110100010 - 110001001011100?
-110010111111110
In base 16, what is -3a23b + 12?
-3a229
In base 11, what is 4 + -40399a87?
-40399a83
In base 2, what is 101 - 100011101011110101101010?
-100011101011110101100101
In base 15, what is d87 - -3eee?
4d86
In base 8, what is 4 + 20522241?
20522245
In base 15, what is -12 + -2c4b98?
-2c4baa
In base 14, what is -22ab - 847?
-2b14
In base 16, what is 0 + -d6d76?
-d6d76
In base 13, what is 16 - -19a79a7?
19a79c0
In base 11, what is 655a5122 + 3?
655a5125
In base 13, what is c48 - -2058?
2ca3
In base 14, what is -15026 + 1dd7?
-1302d
In base 9, what is 15 - -141714?
141730
In base 6, what is -13152204 + 5?
-13152155
In base 7, what is 165521004 - -1?
165521005
In base 16, what is 240f54 + 6?
240f5a
In base 16, what is 53ba3df + -2?
53ba3dd
In base 10, what is -23 - 1862319?
-1862342
In base 12, what is -4582412a + 2?
-45824128
In base 13, what is -43a1898a + 2?
-43a18988
In base 14, what is 382b0 - -150?
38420
In base 16, what is -a8d1eb - 11?
-a8d1fc
In base 13, what is b4 - -15625?
15709
In base 11, what is a508 + -386?
a132
In base 4, what is 1 + 222030103222?
222030103223
In base 16, what is -19d7e3 + 4?
-19d7df
In base 2, what is -11101011101110000001010 - -110?
-11101011101110000000100
In base 6, what is -1302513514 - 4?
-1302513522
In base 5, what is -4 + 2110303124?
2110303120
In base 10, what is 42784 + 30?
42814
In base 10, what is -17 + 332023?
332006
In base 3, what is 21001122112210 + 11?
21001122112221
In base 13, what is 2787 - -225?
29ac
In base 5, what is 231013412 - 1?
231013411
In base 9, what is 7066104 - -24?
7066128
In base 13, what is -361 + 83bb0?
8384c
In base 11, what is -4684782 - -13?
-468476a
In base 12, what is 733 - -6817?
734a
In base 4, what is 1133 + 1023233300?
1023301033
In base 12, what is -ab0 - b216?
-10106
In base 15, what is 3 + 11e7c70?
11e7c73
In base 4, what is -32301 - 201012?
-233313
In base 10, what is 6944 + -1090?
5854
In base 16, what is 95b5 - b?
95aa
In base 16, what is 2970ede + -15?
2970ec9
In base 8, what is 443145 + -4?
443141
In base 12, what is 0 + -413772?
-413772
In base 6, what is 331 + 1231450?
1232221
In base 15, what is -d752ee + -2a?
-d75329
In base 15, what 